{"id":82729,"date":"2023-11-30T15:38:34","date_gmt":"2023-11-30T15:38:34","guid":{"rendered":"https:\/\/jorgezanoni.com.br\/2019\/?page_id=82729"},"modified":"2023-11-30T15:44:31","modified_gmt":"2023-11-30T15:44:31","slug":"policia-militar-apreende-adolescente-por-ato-infracional-de-trafico-de-drogas-em-dracena","status":"publish","type":"page","link":"https:\/\/jorgezanoni.com.br\/2019\/policia-militar-apreende-adolescente-por-ato-infracional-de-trafico-de-drogas-em-dracena\/","title":{"rendered":"Pol\u00edcia Militar apreende adolescente por ato infracional de Tr\u00e1fico de Drogas em Dracena"},"content":{"rendered":"<p style=\"text-align: justify;\">Na data de ontem (29) os policiais da For\u00e7a T\u00e1tica do 25\u00ba Batalh\u00e3o de Pol\u00edcia Militar do Interior prenderam um adolescente por acidente tr\u00e1fico de drogas em Dracena.<br \/>\nA equipe realizava o patrulhamento pelo munic\u00edpio de Dracena, e visualizaram um adolescente de bicicleta, que ao notar a presen\u00e7a policial, saiu com a m\u00e3o na cintura sentido oposto da viatura, e ao aproximar para abordagem saiu em disparada carreira, sendo logo abordado e em busca pessoal foi localizado saco preto contendo em seu interior 19 por\u00e7\u00f5es de maconha, R$119,00 e 01 celular. Diante dos fatos foi dada voz de pris\u00e3o em flagrante pelo crime de tr\u00e1fico de drogas e sindicado conduzido ao Plant\u00e3o de Pol\u00edcia Judici\u00e1ria de Dracena, permanecendo \u00e0 disposi\u00e7\u00e3o da Justi\u00e7a.<\/p>\n<p>Fonte: Com. Social Pol\u00edcia Militar<\/p>\n","protected":false},"excerpt":{"rendered":"<p>Na data de ontem (29) os policiais da For\u00e7a T\u00e1tica do 25\u00ba Batalh\u00e3o de Pol\u00edcia Militar do Interior prenderam um adolescente por acidente tr\u00e1fico de drogas em Dracena. A equipe realizava o patrulhamento pelo munic\u00edpio de Dracena, e visualizaram um adolescente de bicicleta, que ao notar a presen\u00e7a policial, saiu com a m\u00e3o na cintura [&hellip;]<\/p>\n","protected":false},"author":1,"featured_media":82730,"parent":0,"menu_order":0,"comment_status":"closed","ping_status":"closed","template":"","meta":{"footnotes":""},"class_list":["post-82729","page","type-page","status-publish","has-post-thumbnail","hentry"],"_links":{"self":[{"href":"https:\/\/jorgezanoni.com.br\/2019\/wp-json\/wp\/v2\/pages\/82729","targetHints":{"allow":["GET"]}}],"collection":[{"href":"https:\/\/jorgezanoni.com.br\/2019\/wp-json\/wp\/v2\/pages"}],"about":[{"href":"https:\/\/jorgezanoni.com.br\/2019\/wp-json\/wp\/v2\/types\/page"}],"author":[{"embeddable":true,"href":"https:\/\/jorgezanoni.com.br\/2019\/wp-json\/wp\/v2\/users\/1"}],"replies":[{"embeddable":true,"href":"https:\/\/jorgezanoni.com.br\/2019\/wp-json\/wp\/v2\/comments?post=82729"}],"version-history":[{"count":2,"href":"https:\/\/jorgezanoni.com.br\/2019\/wp-json\/wp\/v2\/pages\/82729\/revisions"}],"predecessor-version":[{"id":82732,"href":"https:\/\/jorgezanoni.com.br\/2019\/wp-json\/wp\/v2\/pages\/82729\/revisions\/82732"}],"wp:featuredmedia":[{"embeddable":true,"href":"https:\/\/jorgezanoni.com.br\/2019\/wp-json\/wp\/v2\/media\/82730"}],"wp:attachment":[{"href":"https:\/\/jorgezanoni.com.br\/2019\/wp-json\/wp\/v2\/media?parent=82729"}],"curies":[{"name":"wp","href":"https:\/\/api.w.org\/{rel}","templated":true}]}}

Polícia Militar apreende adolescente por ato infracional de Tráfico de Drogas em Dracena

<p style="text-align: justify;">Na data de ontem (29) os policiais da Força Tática do 25º Batalhão de Polícia Militar do Interior prenderam um adolescente por acidente tráfico de drogas em Dracena.<br />
A equipe realizava o patrulhamento pelo município de Dracena, e visualizaram um adolescente de bicicleta, que ao notar a presença policial, saiu com a mão na cintura sentido oposto da viatura, e ao aproximar para abordagem saiu em disparada carreira, sendo logo abordado e em busca pessoal foi localizado saco preto contendo em seu interior 19 porções de maconha, R$119,00 e 01 celular. Diante dos fatos foi dada voz de prisão em flagrante pelo crime de tráfico de drogas e sindicado conduzido ao Plantão de Polícia Judiciária de Dracena, permanecendo à disposição da Justiça.</p>
<p>Fonte: Com. Social Polícia Militar</p>

<p>Na data de ontem (29) os policiais da Força Tática do 25º Batalhão de Polícia Militar do Interior prenderam um adolescente por acidente tráfico de drogas em Dracena. A equipe realizava o patrulhamento pelo município de Dracena, e visualizaram um adolescente de bicicleta, que ao notar a presença policial, saiu com a mão na cintura [&hellip;]</p>
