{"id":30239,"date":"2020-07-08T15:12:40","date_gmt":"2020-07-08T15:12:40","guid":{"rendered":"https:\/\/jorgezanoni.com.br\/2019\/?page_id=30239"},"modified":"2020-07-08T15:12:40","modified_gmt":"2020-07-08T15:12:40","slug":"policia-civil-prende-suspeito-com-peca-de-roupas-furtadas-e-mais-de-40-porcoes-de-maconha-em-panorama","status":"publish","type":"page","link":"https:\/\/jorgezanoni.com.br\/2019\/policia-civil-prende-suspeito-com-peca-de-roupas-furtadas-e-mais-de-40-porcoes-de-maconha-em-panorama\/","title":{"rendered":"Pol\u00edcia Civil prende suspeito com pe\u00e7a de roupas furtadas e mais de 40 por\u00e7\u00f5es de maconha em Panorama"},"content":{"rendered":"<p style=\"text-align: justify;\">Um homem, de 21 anos, foi preso em flagrante pelo crime de tr\u00e1fico de drogas e recepta\u00e7\u00e3o de objetos furtados, uma vez que em sua resid\u00eancia foram encontradas duas mochilas contendo diversas pe\u00e7as de roupas, al\u00e9m dos entorpecentes.<\/p>\n<p style=\"text-align: justify;\">A Pol\u00edcia Civil, por interm\u00e9dio Delegacia de Pol\u00edcia de Panorama, nesta ter\u00e7a-feira (7), prendeu um homem, de 21 anos, na resid\u00eancia do acusado os policiais civis encontraram mais de 42 por\u00e7\u00f5es de maconha e v\u00e1rias pe\u00e7as de roupas de origem il\u00edcitas. A pris\u00e3o ocorreu no bairro Marrecas, em Panorama.<br \/>\nDurante a\u00e7\u00e3o policial, na cidade Panorama, em que agentes da Delegacia de Pol\u00edcia de Panorama, realizavam em conjunto com a Delegacia de Pol\u00edcia de Paulic\u00e9ia, visando esclarecimento de furto num estabelecimento comercial ocorrido naquele munic\u00edpio, os policiais foram at\u00e9 uma resid\u00eancia localizada no bairro Marrecas. Onde o acusado preso era suspeito de guardar parte das vestimentas furtadas em sua casa.<br \/>\nNa resid\u00eancia, em contato com homem suspeito, e com sua anu\u00eancia e sua companhia, os policiais civis realizaram busca no quarto do acusado, e encontraram duas mochilas contendo diversas pe\u00e7a de roupas, de origem il\u00edcita, relacionado ao furto da cidade de Paulic\u00e9ia. Em continuidade, a busca, foi vistoriado tamb\u00e9m o interior de um guarda-roupa que estava no mesmo c\u00f4modo, local onde foi uma caixa de papel que continha cerca de mais 40 por\u00e7\u00f5es de maconha, embaladas individualmente em papel filme, evidenciando que estavam prontas para comercializa\u00e7\u00e3o.<br \/>\nOs objetos e as drogas foram apreendidos, o homem foi conduzido \u00e0 Delegacia de Panorama onde foi ratificado a voz de pris\u00e3o em flagrante pelos crimes de tr\u00e1fico de drogas e recepta\u00e7\u00e3o de objetos furtados. O acusado j\u00e1 possu\u00eda antecedentes criminais por crimes de tr\u00e1fico de drogas e furtos. Ap\u00f3s a conclus\u00e3o do flagrante o homem foi em caminhado a cadeia, onde aguardar\u00e1 a manifesta\u00e7\u00e3o da Justi\u00e7a em audi\u00eancia de custodia.<\/p>\n<p><img loading=\"lazy\" decoding=\"async\" class=\"alignnone size-full wp-image-30241\" src=\"https:\/\/jorgezanoni.com.br\/2019\/wp-content\/uploads\/2020\/07\/pano1.jpg\" alt=\"\" width=\"865\" height=\"961\" srcset=\"https:\/\/jorgezanoni.com.br\/2019\/wp-content\/uploads\/2020\/07\/pano1.jpg 865w, https:\/\/jorgezanoni.com.br\/2019\/wp-content\/uploads\/2020\/07\/pano1-270x300.jpg 270w, https:\/\/jorgezanoni.com.br\/2019\/wp-content\/uploads\/2020\/07\/pano1-768x853.jpg 768w, https:\/\/jorgezanoni.com.br\/2019\/wp-content\/uploads\/2020\/07\/pano1-696x773.jpg 696w, https:\/\/jorgezanoni.com.br\/2019\/wp-content\/uploads\/2020\/07\/pano1-378x420.jpg 378w\" sizes=\"auto, (max-width: 865px) 100vw, 865px\" \/><img loading=\"lazy\" decoding=\"async\" class=\"alignnone size-full wp-image-30242\" src=\"https:\/\/jorgezanoni.com.br\/2019\/wp-content\/uploads\/2020\/07\/pano2.jpg\" alt=\"\" width=\"1003\" height=\"678\" srcset=\"https:\/\/jorgezanoni.com.br\/2019\/wp-content\/uploads\/2020\/07\/pano2.jpg 1003w, https:\/\/jorgezanoni.com.br\/2019\/wp-content\/uploads\/2020\/07\/pano2-300x203.jpg 300w, https:\/\/jorgezanoni.com.br\/2019\/wp-content\/uploads\/2020\/07\/pano2-768x519.jpg 768w, https:\/\/jorgezanoni.com.br\/2019\/wp-content\/uploads\/2020\/07\/pano2-696x470.jpg 696w, https:\/\/jorgezanoni.com.br\/2019\/wp-content\/uploads\/2020\/07\/pano2-621x420.jpg 621w\" sizes=\"auto, (max-width: 1003px) 100vw, 1003px\" \/>Fonte: Com. Social Pol\u00edcia Civil<\/p>\n","protected":false},"excerpt":{"rendered":"<p>Um homem, de 21 anos, foi preso em flagrante pelo crime de tr\u00e1fico de drogas e recepta\u00e7\u00e3o de objetos furtados, uma vez que em sua resid\u00eancia foram encontradas duas mochilas contendo diversas pe\u00e7as de roupas, al\u00e9m dos entorpecentes. A Pol\u00edcia Civil, por interm\u00e9dio Delegacia de Pol\u00edcia de Panorama, nesta ter\u00e7a-feira (7), prendeu um homem, de [&hellip;]<\/p>\n","protected":false},"author":1,"featured_media":30240,"parent":0,"menu_order":0,"comment_status":"closed","ping_status":"closed","template":"","meta":{"footnotes":""},"class_list":["post-30239","page","type-page","status-publish","has-post-thumbnail","hentry"],"_links":{"self":[{"href":"https:\/\/jorgezanoni.com.br\/2019\/wp-json\/wp\/v2\/pages\/30239","targetHints":{"allow":["GET"]}}],"collection":[{"href":"https:\/\/jorgezanoni.com.br\/2019\/wp-json\/wp\/v2\/pages"}],"about":[{"href":"https:\/\/jorgezanoni.com.br\/2019\/wp-json\/wp\/v2\/types\/page"}],"author":[{"embeddable":true,"href":"https:\/\/jorgezanoni.com.br\/2019\/wp-json\/wp\/v2\/users\/1"}],"replies":[{"embeddable":true,"href":"https:\/\/jorgezanoni.com.br\/2019\/wp-json\/wp\/v2\/comments?post=30239"}],"version-history":[{"count":0,"href":"https:\/\/jorgezanoni.com.br\/2019\/wp-json\/wp\/v2\/pages\/30239\/revisions"}],"wp:featuredmedia":[{"embeddable":true,"href":"https:\/\/jorgezanoni.com.br\/2019\/wp-json\/wp\/v2\/media\/30240"}],"wp:attachment":[{"href":"https:\/\/jorgezanoni.com.br\/2019\/wp-json\/wp\/v2\/media?parent=30239"}],"curies":[{"name":"wp","href":"https:\/\/api.w.org\/{rel}","templated":true}]}}

Polícia Civil prende suspeito com peça de roupas furtadas e mais de 40 porções de maconha em Panorama

<p style="text-align: justify;">Um homem, de 21 anos, foi preso em flagrante pelo crime de tráfico de drogas e receptação de objetos furtados, uma vez que em sua residência foram encontradas duas mochilas contendo diversas peças de roupas, além dos entorpecentes.</p>
<p style="text-align: justify;">A Polícia Civil, por intermédio Delegacia de Polícia de Panorama, nesta terça-feira (7), prendeu um homem, de 21 anos, na residência do acusado os policiais civis encontraram mais de 42 porções de maconha e várias peças de roupas de origem ilícitas. A prisão ocorreu no bairro Marrecas, em Panorama.<br />
Durante ação policial, na cidade Panorama, em que agentes da Delegacia de Polícia de Panorama, realizavam em conjunto com a Delegacia de Polícia de Paulicéia, visando esclarecimento de furto num estabelecimento comercial ocorrido naquele município, os policiais foram até uma residência localizada no bairro Marrecas. Onde o acusado preso era suspeito de guardar parte das vestimentas furtadas em sua casa.<br />
Na residência, em contato com homem suspeito, e com sua anuência e sua companhia, os policiais civis realizaram busca no quarto do acusado, e encontraram duas mochilas contendo diversas peça de roupas, de origem ilícita, relacionado ao furto da cidade de Paulicéia. Em continuidade, a busca, foi vistoriado também o interior de um guarda-roupa que estava no mesmo cômodo, local onde foi uma caixa de papel que continha cerca de mais 40 porções de maconha, embaladas individualmente em papel filme, evidenciando que estavam prontas para comercialização.<br />
Os objetos e as drogas foram apreendidos, o homem foi conduzido à Delegacia de Panorama onde foi ratificado a voz de prisão em flagrante pelos crimes de tráfico de drogas e receptação de objetos furtados. O acusado já possuía antecedentes criminais por crimes de tráfico de drogas e furtos. Após a conclusão do flagrante o homem foi em caminhado a cadeia, onde aguardará a manifestação da Justiça em audiência de custodia.</p>
<p><img loading="lazy" decoding="async" class="alignnone size-full wp-image-30241" src="https://jorgezanoni.com.br/2019/wp-content/uploads/2020/07/pano1.jpg" alt="" width="865" height="961" srcset="https://jorgezanoni.com.br/2019/wp-content/uploads/2020/07/pano1.jpg 865w, https://jorgezanoni.com.br/2019/wp-content/uploads/2020/07/pano1-270x300.jpg 270w, https://jorgezanoni.com.br/2019/wp-content/uploads/2020/07/pano1-768x853.jpg 768w, https://jorgezanoni.com.br/2019/wp-content/uploads/2020/07/pano1-696x773.jpg 696w, https://jorgezanoni.com.br/2019/wp-content/uploads/2020/07/pano1-378x420.jpg 378w" sizes="auto, (max-width: 865px) 100vw, 865px" /><img loading="lazy" decoding="async" class="alignnone size-full wp-image-30242" src="https://jorgezanoni.com.br/2019/wp-content/uploads/2020/07/pano2.jpg" alt="" width="1003" height="678" srcset="https://jorgezanoni.com.br/2019/wp-content/uploads/2020/07/pano2.jpg 1003w, https://jorgezanoni.com.br/2019/wp-content/uploads/2020/07/pano2-300x203.jpg 300w, https://jorgezanoni.com.br/2019/wp-content/uploads/2020/07/pano2-768x519.jpg 768w, https://jorgezanoni.com.br/2019/wp-content/uploads/2020/07/pano2-696x470.jpg 696w, https://jorgezanoni.com.br/2019/wp-content/uploads/2020/07/pano2-621x420.jpg 621w" sizes="auto, (max-width: 1003px) 100vw, 1003px" />Fonte: Com. Social Polícia Civil</p>

<p>Um homem, de 21 anos, foi preso em flagrante pelo crime de tráfico de drogas e receptação de objetos furtados, uma vez que em sua residência foram encontradas duas mochilas contendo diversas peças de roupas, além dos entorpecentes. A Polícia Civil, por intermédio Delegacia de Polícia de Panorama, nesta terça-feira (7), prendeu um homem, de [&hellip;]</p>
